3)/x + (-6)/(-4)?
6
Let b(h) = 55*h**2 - h + 26. What is the hundreds digit of b(-13)?
3
Suppose n - 3*n = 3*b - 7, -2*n + 2 = 2*b. Let w be 2/n + 9/2. Suppose 3*u - 296 - w = 0. What is the hundreds digit of u?
1
Let t = 451 + -446. Suppose 7*w - 6*w - 495 = -t*x, -5*x - 2*w = -495. What is the tens digit of x?
9
Let u(n) be the second derivative of -4*n**3/3 - 3*n**2/2 - 15*n. Let d be u(-1). Suppose 128 = 2*s - 2*a, d*s - 60 = 4*s - 3*a. What is the units digit of s?
3
Let r(b) = 582*b**2 - b - 2. Let p(j) = -j**2 - j - 1. Let z(g) = 3*p(g) + r(g). What is the units digit of z(-1)?
8
Suppose 0 = 61*x - 66*x + 25. Suppose -x*g - 2*m + 5 = 2*m, -2*g + 5*m + 35 = 0. What is the units digit of g?
5
Let z(v) = 45*v - 129*v - 7 + 26*v + 36*v. What is the hundreds digit of z(-5)?
1
Let u be 0 + 2 + 0 + 0. Suppose -52*a + 2208 = 56*a - 100*a. Suppose u*c - a = -c. What is the tens digit of c?
9
Let u = -1567 + 2205. Suppose -6*l = -1726 - u. What is the hundreds digit of l?
3
Let u = 101958 - 53798. What is the hundreds digit of u?
1
Suppose d - 4*v = 591, 6*d - v = 5*d + 585. What is the units digit of 4/(28/7)*d?
3
Suppose 715 = 4*i - 4*w + 2471, 427 = -i - 2*w. Let j = 1036 + i. What is the units digit of j?
1
Let b(a) = -8*a + 3. Let z be b(2). Let m = -77 - z. Let u = 241 + m. What is the hundreds digit of u?
1
Let j = 149 + -143. Let h be -3 + (2 + 6 - 0). Suppose -2*z + h*r - 145 = -j*z, 3*r + 9 = 0. What is the tens digit of z?
4
Suppose 2*w = -8, 0*z + 24 = 5*z + 4*w. Suppose -z*l + 12*l = -1088. Let b = -159 - l. What is the hundreds digit of b?
1
Suppose -2*z = -4*a - 1675 + 493, -2*z - 2*a = -1218. What is the hundreds digit of z?
6
Let x(r) = -9*r**3 + 261*r**2 - 11*r + 54. What is the ten thousands digit of x(19)?
3
Suppose 5*i - 44 = 3*c - 0*c, -3*c - 16 = -i. Suppose -k - i*k = -2168. What is the units digit of k?
1
Let y be (2/(-4))/((-4)/(-8))*-3. Suppose y*b = -b + 12. Suppose 0 = j + 3*l - 99, -b*j - 3*l - 69 + 360 = 0. What is the tens digit of j?
9
Suppose 170*r = 87*r + 500739. What is the tens digit of r?
3
Let j = 20301 - 13075. What is the tens digit of j?
2
Suppose 0 = -2*x + 394 + 234. Let s = x - 574. Let u = -150 - s. What is the tens digit of u?
1
Let h(r) = -250*r - 21 - 61 - 129*r. What is the tens digit of h(-3)?
5
Let k = -2007 + 9608. What is the tens digit of k?
0
Let a(k) = 14*k**2 - 6*k - 33. Suppose -55*n - 90 = -40*n. What is the units digit of a(n)?
7
Suppose -147983 - 63458 = -44*c + 56827. What is the units digit of c?
7
Suppose -4*z + 5*a - 13044 = -7*z, 0 = -3*a. Suppose 7*q - 5116 = z. What is the thousands digit of q?
1
Let i be (-99*255/(-20))/(5/20). Suppose -466 = -4*k + 3*l + i, 3*k - 4105 = -4*l. What is the thousands digit of k?
1
Let a(m) = m**2 + 14*m + 24. Let h be a(-10). Let d(s) = s**2 - 5*s - 3. Let t be d(h). Let y = -181 + t. What is the units digit of y?
2
Let k = -98 + 56. Let i = k - -38. What is the hundreds digit of 1463/14 + i/8?
1
What is the thousands digit of (-8 - -11)/(4/3 + 847943/(-636027))?
0
Let a = -3 - -6. Suppose -k - 2*k + 3 = -2*r, -3*r = -2*k - a. Suppose -3*v = r, -144 = -3*x + 2*x + 3*v. What is the hundreds digit of x?
1
Suppose -37*d + 45*d - 14272 = 0. Let p = d + -1156. Suppose 0 = -3*z - 3*m + 471, -3*z - 2*m + p = z. What is the hundreds digit of z?
1
Let i = -4395 - -9334. What is the units digit of i?
9
What is the ten thousands digit of (6 + 0)/6*9/(-9)*-29781?
2
What is the hundreds digit of 7 - 1778876/(-55) - (5 - (-72)/(-15))?
3
Let t = -29 - -31. Suppose 3*d = 4*s + 17 - 63, 3*d - t*s = -44. Let a(q) = q**3 + 14*q**2 - 3*q - 3. What is the tens digit of a(d)?
3
Let h = -1580 + 2222. What is the tens digit of h?
4
Let g = 457 - 965. Let n = -81 - g. What is the tens digit of n?
2
Suppose -147 = -2*o - 107. Suppose o*t - 8787 = 19773. What is the tens digit of t?
2
Suppose -35*v = -10*v + 11*v - 289116. What is the units digit of v?
1
Let q(c) = -c**3 + 56*c**2 + 196*c + 167. What is the thousands digit of q(47)?
9
Let v be (9 + 49)*(-1)/(-2). Let i = 29 - v. Suppose -3*a + 185 + 22 = i. What is the tens digit of a?
6
Let k(t) = 6912*t**3 - 3*t**2 + 2*t. What is the hundreds digit of k(1)?
9
Let d(y) = -3*y**3 + y**2 - 4*y + 4. Let n(w) = -w**3 - w**2 + 1. Let f(g) = -d(g) + n(g). Let o be f(1). What is the units digit of o/4 + 6 + 2094/8?
8
Let a = -79 + 91. Suppose -3*r = -a, n + 2*r - 704 = 51. What is the hundreds digit of n?
7
Let z(q) be the first derivative of -q**4/12 - 4*q**3 + 41*q**2/2 - 28*q + 31. Let y(a) be the first derivative of z(a). What is the units digit of y(-19)?
6
Suppose -252 = 3*x - p, -x + 4*x + 3*p = -252. Let j = 87 + x. Let k(v) = 16*v**2 - 10*v. What is the hundreds digit of k(j)?
1
Suppose 20 = -6*j + 2*j, 3*o + 4*j = -17. Suppose 0 = -z - o, k - 2*k = 5*z + 2. Suppose 0 = m + k*m - 132. What is the units digit of m?
3
Suppose -3*i - 21 + 546 = 0. Suppose 15*c - 10*c + i = 0. What is the units digit of ((-28)/c)/((-1)/(-55))?
4
Let j(g) = -g**3 + 9*g**2 - 21*g + 36. Let b be j(12). Let r = -27 - b. What is the units digit of r?
1
Let x(d) = 40*d**2 - 27*d - 205. What is the ten thousands digit of x(-36)?
5
Let z(q) = 50*q + 12. Let h(g) = -3*g - 38. Let m be h(-14). What is the tens digit of z(m)?
1
Suppose -17*k + 1392 = -k. Let a = 419 - k. What is the hundreds digit of a?
3
Suppose -6595 = 7465*v - 7466*v. What is the units digit of v?
5
Let h = 15460 - -323. What is the hundreds digit of h?
7
Let o = -31 - -22. Let g be 7/(35/o)*(-1 - 4). Let l(p) = 3*p - 5. What is the units digit of l(g)?
2
Let i = -9443 - -16252. What is the hundreds digit of i?
8
Suppose 9*n = 4*n. Let b be 1/2*1*n. Suppose 2*y + 2*w - 178 = b, 0 = -y + 2*w + 2*w + 74. What is the units digit of y?
6
Suppose 83 = -17*o - 36. Let i(p) be the first derivative of -9*p**2 - 27*p + 3. What is the units digit of i(o)?
9
What is the thousands digit of (78985/15 + 10)*3?
5
Let o(d) be the third derivative of -d**6/120 - 7*d**5/30 + 5*d**4/8 + d**3/3 + d**2. Let l be o(-15). Suppose l*z = 3*z - 94. What is the units digit of z?
4
Let t(j) = 4*j**2 - 3*j - 16. Let x be t(6). What is the tens digit of 55/x*(204 + -1 + -1)?
0
Suppose q + 5*z = -13, 2*q - 4*z + 8 = -8*z. Suppose -5*h + q*h = -9. Suppose -2*k - 5*f = -51 - 2, 2*f = h*k - 32. What is the tens digit of k?
1
Suppose 4*q = -p - p - 42, 18 = -q - 3*p. What is the tens digit of (q - (-8 - 1261))*1/1?
6
Let x(i) be the second derivative of 35*i**3/6 + 13*i**2/2 - 14*i. Let b be x(5). Suppose b = 2*o + 14. What is the units digit of o?
7
Suppose 0 = -3*p - 4*c - 24, 5*p - 3*c - 2*c + 5 = 0. What is the units digit of p*(6 - (-2060)/(-8))?
6
Suppose -3*f + 114984 = -3*m - 11616, -7*f + 295460 = 5*m. What is the thousands digit of f?
2
Let t(j) = 216*j**2 + 16*j - 3. Let d be t(-4). Let r = d + -1804. What is the hundreds digit of r?
5
Suppose 70*p - 103600 = 56*p. What is the thousands digit of p?
7
Let r(x) = -12*x - 85. Let f(b) = -35*b - 252. Let o(k) = -3*f(k) + 8*r(k). What is the hundreds digit of o(9)?
1
Suppose 4*k - 6*k - 76 = 0. Let r = -75 - k. Let q = r + 101. What is the units digit of q?
4
Let o(r) = 337*r + 798. What is the units digit of o(9)?
1
Let t be (597/2)/((12/22)/(100/275)). Suppose 0*p - 6 = -p. Suppose -t = -p*c + 53. What is the units digit of c?
2
Suppose -24*q - 5*q = -141984. What is the tens digit of q?
9
Let a(s) = s**2 - 27. Let w(f) = -f**3 + 8*f**2 + f + 7. Let i be w(8). Let d be a(i). Suppose -2 = -j, 3*k - k - d = j. What is the hundreds digit of k?
1
Suppose 0 = 4*f - x - 48290, -f + 2776 = 5*x - 9307. What is the thousands digit of f?
2
Let l(a) = -a**2 - 2*a + 6. Let x be l(4). Let y be 19/((-6)/(-36)*6). What is the units digit of 102/2 + x + y?
2
Suppose 16056 = 9*g - 45495. What is the tens digit of g?
3
Let o(n) = 113*n**2 - 500*n - 4613. What is the tens digit of o(-9)?
4
Suppose 152*m = 2969541 - 344957. What is the ten thousands digit of m?
1
Suppose -2*m - 349190 = -4*h, 5*m + 261889 = 57*h - 54*h. What is the units digit of h?
8
Let g = -7065 + 14895. Suppose -24*z = -51*z + g. What is the tens digit of z?
9
Suppose 15*x + 2678 = -11*x. Let a(v) = -v**3 + 3*v**2 - 3*v + 2. Let p be a(7). Let d = x - p. What is the units digit of d?
2
Let w = -154 + 